16?
2, 3, 11, 13, 50951
What are the prime factors of 31365780?
2, 3, 5, 522763
What are the prime factors of 87400987?
373, 234319
What are the prime factors of 64996582?
2, 7, 47, 98779
What are the prime factors of 87988318?
2, 11, 709, 5641
List the prime factors of 19016890.
2, 5, 37, 103, 499
What are the prime factors of 73798796?
2, 373, 49463
List the prime factors of 21249627.
3, 7, 179, 5653
What are the prime factors of 752788574?
2, 23, 53, 308773
List the prime factors of 2678588166.
2, 3, 251, 1778611
List the prime factors of 387358341.
3, 23, 5613889
List the prime factors of 72877927.
419, 173933
List the prime factors of 3265233.
3, 601, 1811
What are the prime factors of 48985871?
11, 59, 75479
What are the prime factors of 10052857?
173, 58109
What are the prime factors of 911555593?
13, 1091, 64271
What are the prime factors of 3450340173?
3, 7, 109, 157, 9601
What are the prime factors of 5058078018?
2, 3, 7, 2797, 6151
List the prime factors of 20797575.
3, 5, 277301
What are the prime factors of 103288357?
73, 101, 14009
What are the prime factors of 48078288?
2, 3, 29, 397
List the prime factors of 330647745.
3, 5, 22043183
What are the prime factors of 1643749387?
7, 234821341
What are the prime factors of 97576734?
2, 3, 16262789
What are the prime factors of 28017973?
29, 53, 18229
What are the prime factors of 904670706?
2, 3, 31, 4863821
List the prime factors of 152906913.
3, 5663219
List the prime factors of 38990935.
5, 29, 109, 2467
What are the prime factors of 175972798?
2, 2423, 36313
List the prime factors of 24367188.
2, 3, 17, 119447
What are the prime factors of 802708960?
2, 5, 19, 71, 3719
List the prime factors of 501622841.
501622841
List the prime factors of 65461567.
3313, 19759
What are the prime factors of 7529187?
3, 19, 31, 4261
What are the prime factors of 8087113?
71, 113903
What are the prime factors of 555912138?
2, 3, 17, 5450119
List the prime factors of 3877179527.
13, 157, 1899647
List the prime factors of 77516746.
2, 38758373
What are the prime factors of 14285406?
2, 3, 17, 140053
List the prime factors of 113165246.
2, 2693, 21011
List the prime factors of 1381739455.
5, 8329, 33179
List the prime factors of 6594093933.
3, 7, 314004473
List the prime factors of 6606054515.
5, 1321210903
List the prime factors of 1737357.
3, 579119
List the prime factors of 196835668.
2, 19, 101, 25643
What are the prime factors of 121019148?
2, 3, 59, 227, 251
List the prime factors of 645145653.
3, 23, 37, 10987
What are the prime factors of 1103518980?
2, 3, 5, 6130661
List the prime factors of 829690636.
2, 207422659
List the prime factors of 292174456.
2, 7, 745343
What are the prime factors of 3427004427?
3, 7, 11, 14835517
What are the prime factors of 264244152?
2, 3, 47, 234259
List the prime factors of 2536470429.
3, 23, 36760441
List the prime factors of 13892209.
13892209
What are the prime factors of 7015616?
2, 109619
What are the prime factors of 1563414422?
2, 3457, 226123
What are the prime factors of 185059313?
1021, 181253
What are the prime factors of 2303800535?
5, 383, 677, 1777
What are the prime factors of 78214223?
1637, 47779
What are the prime factors of 8740935948?
2, 3, 728411329
What are the prime factors of 47304987?
3, 15768329
What are the prime factors of 2655179814?
2, 3, 7, 19, 1033, 3221
List the prime factors of 3090552431.
661, 4675571
What are the prime factors of 406053697?
7, 58007671
What are the prime factors of 3575442624?
2, 3, 13, 1432469
What are the prime factors of 472533879?
3, 157511293
List the prime factors of 186510481.
8087, 23063
List the prime factors of 76359580.
2, 5, 11, 17, 1201
List the prime factors of 92502523.
109, 848647
List the prime factors of 31731452.
2, 17, 29, 16091
List the prime factors of 124543762.
2, 7, 8895983
List the prime factors of 277456416.
2, 3, 47, 61493
List the prime factors of 200598475.
5, 7, 11, 104207
What are the prime factors of 45797579?
167, 274237
What are the prime factors of 2769664?
2, 31, 349
List the prime factors of 725537797.
239, 3035723
List the prime factors of 1110595075.
5, 113, 131, 3001
What are the prime factors of 1014245594?
2, 29, 17486993
What are the prime factors of 84588141?
3, 11, 17, 131, 1151
List the prime factors of 5862944.
2, 19, 9643
List the prime factors of 53304159.
3, 31, 573163
List the prime factors of 2554901478.
2, 3, 141938971
What are the prime factors of 375767927?
43, 311, 28099
What are the prime factors of 162352163?
162352163
What are the prime factors of 466385981?
283, 617, 2671
What are the prime factors of 73269413?
7, 167, 233, 269
List the prime factors of 38654688.
2, 3, 263, 1531
What are the prime factors of 3036021965?
5, 23, 3613, 7307
List the prime factors of 47051424.
2, 3, 7, 23339
List the prime factors of 28472793.
3, 337, 28163
List the prime factors of 612326347.
612326347
What are the prime factors of 35458886?
2, 17729443
What are the prime factors of 109126626?
2, 3, 7, 371179
What are the prime factors of 4739622245?
5, 97, 107, 91331
What are the prime factors of 17515845?
3, 5, 61, 709
List the prime factors of 28608042.
2, 3, 17, 131, 2141
List the prime factors of 855920431.
47, 18211073
What are the prime factors of 565375788?
2, 3, 23, 75869
List the prime factors of 27172157.
47, 578131
List the prime factors of 886754236.
2, 23, 53, 7907
List the prime factors of 205096644.
2, 3, 53, 35831
List the prime factors of 795306851.
795306851
What are the prime factors of 735749566?
2, 199, 1848617
List the prime factors of 24975919.
24975919
What are the prime factors of 64824100?
2, 5, 11, 31, 1901
What are the prime factors of 400432671?
3, 17, 2617207
What are the prime factors of 474729768?
2, 3, 29, 75787
List the prime factors of 2552955197.
13, 19, 73, 141587
List the prime factors of 4750657452.
2, 3, 23, 769, 829
What are the prime factors of 3599628900?
2, 3, 5, 7, 43, 39863
What are the prime factors of 202447912?
2, 1249, 20261
What are the prime factors of 164693086?
2, 103, 799481
What are the prime factors of 1089687693?
3, 363229231
List the prime factors of 21017045.
5, 7, 600487
What are the prime factors of 64697650?
2, 5, 601, 2153
List the prime factors of 1456718375.
5, 7, 1664821
List the prime factors of 429310533.
3, 257, 556823
What are the prime factors of 303854682?
2, 3, 50642447
List the prime factors of 291745001.
67, 421, 10343
List the prime factors of 19584771.
3, 6528257
List the prime factors of 51115788.
2, 3, 1419883
What are the prime factors of 557127241?
11, 37, 149, 9187
List the prime factors of 1554449737.
15619, 99523
List the prime factors of 344117193.
3, 7, 16386533
What are the prime factors of 175105096?
2, 41, 533857
List the prime factors of 39284234.
2, 11, 1785647
What are the prime factors of 1538086298?
2, 7, 109863307
What are the prime factors of 22589038?
2, 1933, 5843
What are the prime factors of 15526554?
2, 3, 2587759
What are the prime factors of 785832951?
3, 19, 173, 79691
What are the prime factors of 39342021?
3, 1637, 8011
What are the prime factors of 5309516482?
2, 41, 64750201
List the prime factors of 64738696.
2, 11, 433, 1699
List the prime factors of 1437464878.
2, 61, 919, 12821
What are the prime factors of 55259512?
2, 7, 11, 109, 823
List the prime factors of 804713754.
2, 3, 13, 10316843
What are the prime factors of 106056311?
106056311
List the prime factors of 2397275065.
5, 53, 1861, 4861
List the prime factors of 73323783.
3, 13, 107, 5857
What are the prime factors of 14839478?
2, 109, 68071
List the prime factors of 2748533088.
2, 3, 7, 83471
What are the prime factors of 1270320231?
3, 73, 131, 44279
What are the prime factors of 2700185381?
157, 3709, 4637
What are the prime factors of 4176389550?
2, 3, 5, 27842597
List the prime factors of 763821720.
2, 3, 5, 23, 29, 3181
List the prime factors of 142498939.
11, 12954449
What are the prime factors of 308360196?
2, 3, 19, 59, 283
List the prime factors of 28623884.
2, 61, 73, 1607
List the prime factors of 96830663.
883, 109661
List the prime factors of 310557922.
2, 953, 162937
List the prime factors of 21645431.
1087, 19913
List the prime factors of 1676225232.
2, 3, 11, 352741
List the